lse
Suppose 2*j - 4*t = 12, -4*j + 5*t + 15 = -2*j. Suppose -3*q = -j*q + 12. Let i(l) = 8*l**2 - 6*l - 3. Is i(q) composite?
False
Let j(d) = 23*d + 1 + 2 + 6*d**2 - 11*d**2 + 12*d**2. Is j(-13) prime?
True
Suppose 5*m = s + 1639, -2*s - 8261 = 3*s - 3*m. Let k = -742 - s. Let o = k - 595. Is o a composite number?
False
Let k(l) = 7*l**2 - 1. Let z(s) = 36*s**2 - 6. Let t(r) = -11*k(r) + 2*z(r). Let v be t(1). Is ((-1156)/v - -3)*3 prime?
True
Suppose 2807 = p - 2*y, -12*y = 3*p - 13*y - 8431. Is p composite?
True
Let v(b) = -2*b - 10. Let r(c) = -c - 6. Let q be r(0). Let h be v(q). Is 116 - 1 - (0 + h) prime?
True
Let r(m) = -29*m**3 - 4*m**2 + 10*m - 12. Suppose -9*s + 7 = -o - 7*s, -s + 26 = -5*o. Is r(o) composite?
False
Let w = -4230 + 6331. Is w composite?
True
Let c(u) = 711*u + 83. Is c(4) a composite number?
False
Suppose 12*t - 1152 - 14628 = 0. Suppose 2*u - 1086 = 4*x, 0 = -5*u + 4*x + t + 1412. Is u composite?
False
Let p be (2/(-3))/(4/6). Let r be (1 - (p - -3))/1. Is (-12)/r - (-9 - -6) a composite number?
True
Let r be ((-138)/(-4))/((-3)/44). Is r/(-3)*(-6)/(-4) prime?
False
Let k(f) = 7501*f**3 - 3*f**2 + 3*f - 2. Is k(1) composite?
False
Is (4705 + (-10 - -4))*1 a prime number?
False
Let w(c) = 148*c + 435. Is w(19) composite?
True
Let h = 40 + -34. Suppose 0 = 4*p - k - 139, 4*p - 136 + h = -2*k. Is p a prime number?
False
Suppose 2*t = -o + 9 + 3, -20 = -3*t - 2*o. Suppose -5*w = 10, -w = -u - t*w + 2515. Is u a prime number?
True
Is 1*(-4 - -8 - -8903) a composite number?
True
Let h = -14779 - -29600. Is h a prime number?
True
Let u be (-38)/(-4) - 4/8. Suppose 4*k = u*k - 445. Suppose -j = -2*j + k. Is j a composite number?
False
Let i(w) = w - 5. Let f be i(9). Suppose 994 = 2*x + f*n, -x - n = x - 979. Is x composite?
False
Let j(s) = 13*s - 53. Is j(7) a composite number?
True
Suppose 2 = -3*x - 4*b, 4*x - 2 = -3*b - 0*b. Suppose 4*u = -3*c + 2324 - 162, 1621 = 3*u + x*c. Let f = 1240 - u. Is f composite?
False
Is 15082674/596*(-2)/(-6)*2 a prime number?
True
Suppose -84914 = -5*z - 2*q - 10635, -10 = -5*q. Is z prime?
False
Suppose -5*z = -3*o - 2*z + 15, o - 5*z = 13. Suppose 926 + 445 = o*p. Is p composite?
False
Suppose -2*n = 3*a - 87, a - 195 = -5*n - 2*a. Suppose n = -3*h + 915. Is h a composite number?
False
Suppose -128 = -5*p + h + 17, -4*p + h = -116. Let y = 333 + p. Is y a composite number?
True
Is (-745039)/(-87) - 4/6 a composite number?
False
Suppose 5*b + 56 = 11. Let j be (-3)/b + 1/(-3). Suppose -n - 2*i + 141 = j, 5*n + 0*i - 717 = 2*i. Is n composite?
True
Let v(m) = 213*m**2 - 9*m - 5. Let r(z) = z**3 - 11*z**2 + 8*z + 16. Let p be r(10). Is v(p) a composite number?
True
Let b = 14 - 14. Let t(a) = -5*a**3 + 14*a + b + 4*a**3 + 3*a**2 - 17*a - 5. Is t(-4) prime?
False
Suppose -y - 4 = 0, 2*x + 10528 = 6*x - 3*y. Is x a prime number?
False
Let x be ((-76)/6)/((-8)/384). Let j = x - 37. Is j a prime number?
True
Suppose 6*g = 2*g + 1676. Is 2*g*19/38 a composite number?
False
Let z = -3391 + 4888. Is z a prime number?
False
Let p(a) = 11*a**2 + a. Let k be p(-1). Let c = 32 - k. Is c composite?
True
Let q(l) = 2*l - 3. Let k be q(3). Suppose k*b - 2*b = 635. Is b a prime number?
False
Suppose 28*p - 26*p - 362162 = 0. Is p a prime number?
True
Let v(n) = 125*n + 338. Is v(7) composite?
False
Let d be ((-886)/8 - -1)*(-40)/5. Suppose 2*g + 2*n = d, g = 2*g + 5*n - 423. Is g a composite number?
False
Suppose -3*c = -2*g - 43463, 26*c = 22*c + 4*g + 57948. Is c a composite number?
False
Let d(s) = -12*s - 1. Let z be d(-2). Let q = -27 + z. Is (-12)/q*43 + -2 prime?
True
Suppose 5*a + 388 = 3*a. Let i = -105 - a. Is i composite?
False
Let y(o) = -479*o - 15. Is y(-26) prime?
False
Suppose -5*q - 5*n = -3*q - 417, 4*q - n - 889 = 0. Let d = 119 - q. Let k = d + 199. Is k a composite number?
False
Let r(u) = -92*u - 1. Suppose 2*z - 1 = -3. Let y be r(z). Suppose 0 = -h - 0 + y. Is h composite?
True
Suppose -10258*q = -10254*q - 58004. Is q a prime number?
False
Suppose 0 = v + 14 - 11. Let d(u) = -4*u - 4*u**3 - 2*u**2 - u**3 - 2*u**3 - 7 - 2*u**2. Is d(v) prime?
False
Let x = 34 - 38. Let y be x/6*(4 - 10). Suppose -573 = -y*z + z. Is z composite?
False
Suppose 5*o = -t + 21 - 73, -44 = 5*o - 3*t. Let m(k) = 13*k**2 - 13 - 32*k**2 + k + 13*k**2 + 10*k**2. Is m(o) prime?
False
Let f(z) = 28*z**2 + 17*z + 18. Is f(33) a prime number?
False
Let w = 880 - -43. Suppose -r + 0*i = 4*i + 303, -3*r = -2*i + w. Let d = r - -470. Is d a composite number?
False
Suppose 20*s - 14 = 18*s. Let u(m) = -m**3 + 9*m**2 - 8*m + 5. Is u(s) a prime number?
True
Let q be ((-8)/(-6))/((-2)/42). Let b = 27 + q. Is b - -2 - (-122 + -4) prime?
True
Suppose 5*k = -2*i + 4*k + 6774, -3*i + 10162 = 2*k. Is i a composite number?
True
Let h = 20 - 28. Let x(b) = -626*b + 31. Is x(h) composite?
False
Let l = 24 - -21. Is 6426/l - 1/(-5) prime?
False
Let a be 17682/30 + (-8)/20. Let j = 1170 - a. Is j a prime number?
False
Let x = 3964 - 1763. Is x composite?
True
Let r(g) be the third derivative of 13*g**6/120 - g**3/6 + 2*g**2. Let v be r(1). Is (-6)/4 - (-2622)/v composite?
True
Suppose 7*g = 8*g - 139. Suppose -8*s + g = -9933. Is s composite?
False
Let z(i) be the second derivative of -5*i**3/6 - 7*i**2/2 - 7*i. Let g be z(-5). Suppose -76 = -2*n + 3*s, 3*n + 4*s + g = 115. Is n a prime number?
False
Let m(q) = -q**3 - 4*q**2 + q + 7. Let x be m(-3). Is ((-6598)/(-12))/(x/(-30)) a composite number?
False
Suppose -27505 = 63*n - 68*n. Is n a prime number?
True
Suppose d = -2*i + 24, 0 = -5*d + 7*i - 3*i + 162. Suppose 2*l - 4 = a, -5*a - l - 2 - 18 = 0. Let p = d + a. Is p a composite number?
True
Suppose -3*u - 2*u - 4*m = 2, 3*u + 3*m = -3. Let l = 59 - -96. Suppose -u*i - 3*i + l = 5*d, 0 = -3*d - 4*i + 89. Is d composite?
True
Let m = 16776 + -10489. Is m a composite number?
False
Let c be (-1 - 8)*26942/(-57). Suppose 2*t - 3*j + 736 - 5006 = 0, 2*t + j - c = 0. Is t a composite number?
False
Let b(p) = 14 - 6 - 2 + 7 - 11*p. Let z be b(-13). Is -10*(z/(-8) + -4) prime?
False
Let z(d) = d + 1. Let t be z(-5). Is (-1918)/(1 + (t - -1)) composite?
True
Suppose 3*o - 6*o = 0, -3*g + 4*o = -336. Let n = -21 + g. Is n composite?
True
Suppose 3*r + 5 = 8*r - 5*c, 3*c + 10 = -4*r. Is (1 - (0 + r))*633/6 prime?
True
Let c(l) = -l**3 - 5*l**2 + 3*l - 14. Let v be c(-6). Suppose 0 = v*y - 4*z + 12, -z - 3 = -3*y - 4*z. Is 644 + y + (11 - 7) composite?
False
Let x = 137 + -77. Is ((-42)/(-4))/(x/5960) prime?
False
Let j(p) = 4777*p + 350. Is j(15) a composite number?
True
Suppose -4*j + 313485 = -7*k + 12*k, -5*j = 3*k - 188078. Is k a composite number?
False
Let g(s) = 74*s**2 - 7*s - 5. Let c be g(-5). Let i = c + -1317. Is i a prime number?
True
Let d be -1*5/((-5)/647). Let j = d + -384. Is 2 + (j - 0) - 0 prime?
False
Suppose 0 = -2*f - 2*p - 98, -2*f = -4*p + 29 + 75. Let l = 63 - f. Is l a prime number?
True
Let w be 1542 - (2 - 3)*1. Suppose 5*j = 2442 + w. Is j a composite number?
False
Let q be 0/(2 - -4) - -2. Suppose 11*s - 17757 = q*s. Is s prime?
True
Let r = 12232 - 5129. Is r prime?
True
Let a(l) = -72*l**3 - 10*l**2 - 18*l - 15. Is a(-8) prime?
True
Suppose 0 = 3*a - 5*n - 1609, -5*a - 3*n + 2692 = -n. Is a composite?
True
Let x be 20/(-4 - -8) - 1. Suppose -2*c = x*c - 24. Suppose d + 5*w = 19, -c*d - w = -5*w - 76. Is d composite?
False
Suppose -15*g + 21956 - 2681 = 0. Is g composite?
True
Let p = 8 - 6. Suppose -p*c - 3*m + 4*m = -262, 0 = -c + m + 129. Is c prime?
False
Suppose 8*t + 16 = -0. Let g(d) = -360*d - 1. Is g(t) prime?
True
Let s(r) = -1. Let u(q) = 97*q + 18. Let z(p) = 6*s(p) - u(p). Is z(-11) a composite number?
True
Is (6 + -6 + 12832 - -1)/1 composite?
True
Let f(v) = -v + 4. Let s be f(6). Is (1 + -2)*298/s a prime number?
True
Let g = -5 + 8. Suppose i + 1950 = 3*c + g*i, 5*i - 3255 = -5*c. Suppose -b = -c - 829. Is b a prime number?
False
Suppose -223 = -f - 5*r, -5*r = -r. Is f a composite number?
False
Let b = -4 + 18. Let w(r) = -6*r + 12*r**2 - 6*r + 1 + b*r. Is w(2) a prime number?
True
Let j = 40881 - 20834. Is j a composite number?
False
Let n(h) = -12*h**3 - 3*h**2 - 9*h - 13. Is n(-5) composite?
True
Suppose 0 = 4*x + 5*c - 4020, -5*x - 6*c + 5025 = -2*c. Suppose 0*i + x = 3*i. 